Let m(s) = 4 - v + 31 + s. Determine m(0).
27
Let s(r) = -r**2 - 2*r - 2. Let b be (30/(-25))/((-2)/10). Let i be (2/b)/(4 + 572/(-144)). Suppose 109*c - i = 113*c. What is s(c)?
-5
Let b(r) = r + 6. Let n be b(-3). Suppose n*t - 10 = t. Let c(v) = -11*v + 15. Let w(h) = 5*h - 7. Let p(q) = 2*c(q) + 5*w(q). Calculate p(t).
10
Let c(u) = -432*u - 423. Let v be c(-1). Let r(h) = h**2 - 10*h + 2. What is r(v)?
-7
Let o(q) = -55*q. Suppose -64*r + 34 = 114 - 16. Calculate o(r).
55
Let p(o) be the second derivative of o**4/12 - o**3/6 + 5*o**2 + 304*o - 3. Determine p(9).
82
Suppose -32*r + 88 = -8. Let i(k) = -44*k**3 - 5*k**2 - 5 - 42*k**r + 0*k**2 + 87*k**3 - 7*k. Let f(p) = 2*p - 2. Let m be f(4). What is i(m)?
-11
Suppose -4*j + 63 = -47*x + 46*x, 29 = 2*j - x. Suppose -36 = -j*i - i. Let c(g) = -2*g + 1. What is c(i)?
-3
Suppose -7*t - 15 = -3*f - 5*t, -2*f + 10 = -3*t. Let q(x) = 2*x - 4. Calculate q(f).
6
Let z(r) = -6*r**2 + 6*r - 1. Let k(t) = -23*t**2 + 14*t - 36. Let x(o) = -k(o) + 4*z(o). Calculate x(13).
-7
Let i(g) = -2*g**2. Let k be i(1). Let u be ((-12)/(-30))/((-4)/80*k). Let h(v) = 2*v**2 - 7*v + 4. Give h(u).
8
Suppose 2*p + 5*g = 17, -3*p + 15 = -2*g - 1. Let s(h) = 5*h - 244. Let n be s(50). Let a(t) = 0*t - 4 + n*t**2 + t - t**3 - 2 - 2. Give a(p).
-2
Let h(j) = 4*j**2 + 3*j - 7. Let d(r) = -29*r**2 - 20*r + 51. Let x(y) = 4*d(y) + 30*h(y). Give x(-6).
78
Suppose 5*j - 34 = -z, -1875 = 5*z + 5*j - 1905. Let m(p) = -10*p**2 + 3*p + 4. What is m(z)?
-9
Let v(m) = -m**2 + 8*m. Suppose 4*p - 5*c + 395 = -0*c, 3*p + c + 320 = 0. Let d = 107 + p. Suppose -d*r + 0 + 16 = 0. Give v(r).
0
Let c be ((-27)/(-12))/(((-3)/8)/(-1)). Let o(v) be the third derivative of -7/6*v**3 + 0*v - v**2 + 0 + 1/12*v**4. Calculate o(c).
5
Suppose 4*g + 0*g - 28 = 0. Let s(l) = 13 - 46*l**2 - l + 47*l**2 - 25*l. Let c(j) = -3*j + 1. Let o(k) = -6*c(k) + s(k). What is o(g)?
0
Let l = 81 + -76. Suppose 0 = l*t - 9*t + 8. Suppose -39 = -t*z - 47. Let u(g) = g**3 + 5*g**2 + 5*g + 4. What is u(z)?
0
Let b(o) be the second derivative of o**5/20 + o**4/6 - 17*o**3/6 - 3*o**2 - 1139*o. Calculate b(-5).
4
Let a(w) = -6*w**2 + w - 1. Suppose 5*m + 4*v - 3 = 0, 5*m - 18 = -6*v + 7*v. Suppose 3*r - 3 = 0, m = 2*k + 5*r - 4. Calculate a(k).
-6
Suppose -57*y + 60*y = -p, -4*p + 4*y = 32. Let x(t) = t - 26. Calculate x(p).
-32
Let i(m) = -15*m + 53. Let a(g) = 3*g**2 - 64*g - 214. Let h be a(-3). Give i(h).
-22
Let n(u) be the first derivative of -u**2/2 + 12*u + 5. Let t = -214 + 225. Calculate n(t).
1
Let y(a) = -13*a**3 + 11*a + 48. Let o(z) = -71*z**3 + z**2 + 54*z + 245. Let p(d) = 2*o(d) - 11*y(d). Calculate p(-4).
-18
Let u(k) = -k**3 + 5*k**2 - 5*k + 5. Suppose -3*l + 47 = 5*y, 6665*l - 6667*l - 2*y = -22. Give u(l).
1
Let h(v) = 42*v - 6890. Let z be h(164). Let u(y) = y**2 + 5*y - 10. Let l be u(-7). Let c(r) = -r**2 - 4*r + l - 4. What is c(z)?
4
Suppose 213 = 3*z + 258. Let l be 6/(-10) - 114/z. Let p(u) = 2*u - 6. Calculate p(l).
8
Let y = 21 - 19. Suppose 0 = -2*n + y, 0 = t + 4*n + 8 - 17. Let j(c) = 8*c**2 + 2*c**3 - 10*c**2 + 2 + 3*c + t*c**2. Give j(-2).
-8
Let z(u) = -3*u + 1. Let b(w) be the third derivative of -w**4/12 + 81*w**2. Let n(k) = 2*b(k) - z(k). Give n(-6).
5
Let q(z) = -z**2 + 6*z - 7. Let g be (1 - (-210)/(-16)) + 5/40. Let v be (-4)/(-6) - 64/g. What is q(v)?
-7
Let m(j) = j**2 - 19*j + 3. Let l be m(19). Suppose -o - 15 = 4*r, l*r + 2 = -4*o + 7. Let k be -6*(4 + -5 - r/3). Let c(h) = h**2 + 6*h + 6. Determine c(k).
-2
Let w = 61 - 55. Let i(z) be the first derivative of -z**2/2 + 9*z + 304. Give i(w).
3
Suppose 0 = 3*o - 6*o + 12, 0 = -5*a - o + 19. Suppose q = -1 + 5. Suppose 4*i + 4*x - 33 = -x, -a*i + 26 = q*x. Let r(u) = -u + 2. Calculate r(i).
0
Let n(v) = 12*v + 16. Let t(b) = 22*b + 33. Let r(m) = 7*n(m) - 3*t(m). Let p(s) = 9*s + 7. Let i(a) = 11*p(a) - 6*r(a). Give i(1).
-10
Suppose 297 = 122*x - 89*x. Let g(f) = -9*f + 50*f**2 + 11 - 101*f**2 + 52*f**2. Give g(x).
11
Suppose 0 = 468*y - 475*y + 14. Let g(b) = b**3 - 3*b**2 + 3*b - 4. What is g(y)?
-2
Let a(p) = p**2 - 23*p + 41. Let y(m) = m**2 + 11*m - 81. Let f be y(6). Determine a(f).
-1
Suppose 7*i - 15*i + 8 = 0. Let k(s) = -s + 2. Let x be k(i). Let g(u) = 10*u + 0*u + x - 9*u. Determine g(1).
2
Let n(k) = 35419 + 70*k - 17709 - 17711. Calculate n(1).
69
Let c be (15/12 - 1)*11/((-88)/(-32)). Let k(r) = -r + 1. Let m(t) = t**2 - 2. Let g be 2/(-5) - (-21)/(-35). Let d(n) = g*m(n) - k(n). What is d(c)?
1
Let y(d) = 11*d - 1937 - 1922 + 3858. Suppose 2 = h - 0*h. What is y(h)?
21
Let k be 10 - (0/(-2) + 1). Let w(l) = -11*l**2 + 4*l**2 - 19*l - 2267 + 2279 + l**3. Determine w(k).
3
Suppose -46*j + 28*j + 36 = 0. Let m(d) = 1 - 4*d + 6 - 3*d**3 + 4*d**3 - 8 - 4*d**j. What is m(5)?
4
Let k(h) be the first derivative of -2/3*h**3 + 68 + 1/2*h**2 - h. What is k(1)?
-2
Let s(r) = 50*r + 52. Let b(f) = 25*f + 35. Let n(p) = -11*b(p) + 6*s(p). Determine n(3).
2
Let u(m) = m**3 + 3*m**2 - 2*m + 9. Suppose 12 = 2*i - 4*g, -4*i - 4*g - 18 = 18. What is u(i)?
1
Suppose 8*j - 9 = 39. Let f(x) be the third derivative of x**4/12 - 2*x**3/3 - 4*x**2 + 39*x. Determine f(j).
8
Let w(o) = -5*o + 33. Let b = -1509 - -1518. Determine w(b).
-12
Let g(h) = h**2 + 7*h + 2. Let a be g(-7). Let z be (a - 2)/(-1) + 4/1. Let c(m) = -3 + 87*m - 97*m + z. Calculate c(1).
-9
Let o = -200 - -476. Let d = 271 - o. Let n(a) = -a**3 - 6*a**2 + a + 2. Calculate n(d).
-28
Let k(o) = -o**2 + 3*o + 2. Let l(z) = -5*z + 225. Let q(d) = 8*d - 52. Let n be q(12). Let g be l(n). Calculate k(g).
-8
Suppose 0 = 5*q - 4*y - 93, 110 = -2*y + 96. Let h(f) = f**3 - 12*f**2 - 16*f + 36. Give h(q).
-3
Let b(c) = 9*c + 31. Let r be b(-3). Suppose 7 = r*g + 3*f, 11 = 4*g - 3*f - 14. Let x(l) = -l**2 + 6*l - 6. Give x(g).
2
Let j(f) be the first derivative of 1/20*f**5 - 25/3*f**3 + 1/24*f**4 + 0*f - 1/360*f**6 + 0*f**2 - 10. Let h(o) be the third derivative of j(o). What is h(5)?
6
Let b(d) be the first derivative of d**3 - 2*d**2 + 28*d - 163. Let h(g) = 2*g**2 - 2*g + 15. Let z(s) = -6*b(s) + 11*h(s). Calculate z(2).
17
Let z = -174 - -169. Let b(l) = -8*l - 43. Let y be b(z). Let m(a) = -a**3 - a**2 - 2*a - 2. Calculate m(y).
22
Let x(o) = -o**3 + 9*o**2 - 13*o + 4. Let v(q) = q**3 - 8*q**2 + 13*q - 2. Let k be -1 + 5 + (-4 - 4) + 0. Let t(h) = k*x(h) - 3*v(h). What is t(11)?
12
Let a = 9294 + -9284. Let g(p) = p**3 - 11*p**2 + 2*p - 19. Give g(a).
-99
Suppose 6 = -2*a - a. Let n = -317 + 323. Let g(w) = -2*w - 13. Let m(j) = -5*j - 37. Let b(z) = n*m(z) - 17*g(z). Determine b(a).
-9
Suppose 60 = 8*q + 4*q. Let k(t) = 0 + 0*t - 3*t + 0*t**2 - t**2 + q. Suppose -2*y = -z - 6, -3*z + y - 2 - 11 = 0. What is k(z)?
1
Let m(u) be the third derivative of 1/12*u**4 - 207*u**2 + 0*u + 0*u**3 + 1/12*u**5 + 0 + 1/60*u**6. Calculate m(-3).
-15
Let c(z) = -3*z + 6. Let t be (0 - (-4 + 4))/(2 - 4). Suppose -i + 0*i + 62 = t. Let l = i - 68. Calculate c(l).
24
Let u = -36 + 24. Let f be (-10 - u)/((-2)/(-3)). Suppose -5 = -j + f*i + 2, -2*j = 4*i + 16. Let s(h) = -2*h**3 - 3*h**2 - h - 2. Calculate s(j).
4
Suppose -2*y + 1 = -t, 3*t - 2 = 4*y - 1. Let r(a) = -2*a + 2 + 4 + 2*a**y + 3 - 12. What is r(3)?
9
Let x(c) = -3*c**2 + 3*c - 1. Let r be x(2). Let m be (1/(-1))/((18/(-4))/9). Let p(u) = 50*u**m - 11*u + 5*u + 9 - 51*u**2. Give p(r).
2
Let v(c) = -3*c**2 - 123614*c - 18 + 5*c**2 + 123603*c. Determine v(7).
3
Let h = 72 + -81. Let f be h - -6 - (1 + -4). Let p(x) = -2*x - 7. Determine p(f).
-7
Let o(q) be the first derivative of -3*q - 45 + 0*q**2 + 1/3*q**3. What is o(-5)?
22
Let d(i) = -3*i**2 + 10*i + 3. Let y(k) = 4*k**2 - 15*k - 4. Let v(n) = 7*d(n) + 5*y(n). Let l = 452 + -452. Suppose l = 42*w - 39*w + 9. What is v(w)?
7
Let j(o) = -3*o**2 - 14*o + 18. Let c(u) = -78*u - 3*u**2 + 34 + 2*u**2 - 4*u**2 + 51*u. Let b(z) = -4*c(z) + 7*j(z). Give b(9).
-1
Let m(c) = c**3 - 3*c**2 + 3*c - 5. Let a(z) = -z**3 + 4*z**2 + 2*z - 3. Let l be a(4). Suppose -l*f = -25 + 5. Determine m(f).
23
Let b be (-71)/(-71) + 1 + (-2)/(-1). Let k be b + (-250)/12 + (-18)/108. Let i(f) = -f - 23. Give i(k).
-6
Let s(c) = 657*c - 335*c + 4 - 8 - 5 - 348*c. Give s(-1).
17
Let q be 570 + 3 + 2 + -12. Let r = -555 + q. Let a(p) = p**3 - 7*p**2 